t common divisor of 4731369 and 213.
213
Calculate the greatest common factor of 52878 and 126.
42
What is the greatest common divisor of 62583 and 552?
69
What is the greatest common factor of 227826 and 270?
54
Calculate the highest common factor of 1261695 and 152.
19
Calculate the greatest common divisor of 4081 and 28.
7
Calculate the greatest common factor of 1568 and 4067.
49
What is the greatest common factor of 65340 and 891?
297
Calculate the greatest common factor of 175208 and 1573.
121
Calculate the greatest common factor of 2366 and 7553.
91
Calculate the highest common factor of 665 and 69540.
95
Calculate the highest common divisor of 318565 and 870.
145
What is the greatest common divisor of 2925 and 16315?
65
Calculate the greatest common factor of 40 and 172696.
8
What is the highest common divisor of 24 and 48072?
24
Calculate the greatest common factor of 338 and 10.
2
What is the highest common divisor of 46020 and 3380?
260
Calculate the highest common factor of 149604 and 6916.
364
What is the greatest common divisor of 170 and 68?
34
Calculate the greatest common factor of 90680 and 112.
8
What is the greatest common divisor of 14924 and 423332?
364
What is the highest common factor of 39 and 40898?
13
Calculate the highest common divisor of 718 and 301919.
359
Calculate the greatest common factor of 6953 and 53988.
409
What is the greatest common factor of 832 and 113438?
26
Calculate the greatest common factor of 1793 and 84923.
163
Calculate the greatest common factor of 92 and 105478.
46
Calculate the highest common divisor of 234 and 962.
26
Calculate the greatest common divisor of 3601 and 663.
13
What is the highest common factor of 1292 and 1159?
19
Calculate the greatest common divisor of 124 and 972.
4
What is the greatest common divisor of 160 and 90752?
32
Calculate the greatest common factor of 66 and 9339.
33
What is the greatest common divisor of 6084 and 277758?
234
Calculate the greatest common factor of 330 and 215270.
110
Calculate the greatest common factor of 14715 and 10355.
545
Calculate the greatest common factor of 7334 and 9082.
38
What is the highest common divisor of 2259 and 13563?
9
What is the highest common divisor of 163119 and 66?
33
Calculate the greatest common factor of 82417 and 73.
73
Calculate the greatest common divisor of 84054 and 6.
6
What is the highest common factor of 396 and 8358372?
396
What is the highest common factor of 27761 and 2346?
391
What is the greatest common factor of 322 and 623?
7
Calculate the greatest common factor of 3584700 and 1050.
1050
Calculate the greatest common factor of 218647 and 5445.
121
Calculate the greatest common divisor of 616248 and 2430.
486
What is the highest common factor of 161 and 19711?
23
Calculate the greatest common divisor of 89884 and 1196.
92
Calculate the highest common factor of 193284 and 180.
36
What is the greatest common divisor of 38944 and 128?
32
Calculate the highest common divisor of 240 and 1973616.
48
What is the highest common divisor of 2915 and 104896?
11
Calculate the highest common divisor of 45 and 21933.
9
What is the greatest common factor of 376 and 8883?
47
What is the greatest common factor of 6251 and 3857?
133
What is the highest common factor of 4725 and 1283310?
945
Calculate the highest common divisor of 52221 and 65.
13
Calculate the highest common factor of 43308 and 90.
18
What is the greatest common divisor of 153 and 10948?
17
What is the greatest common divisor of 93912 and 4888?
104
Calculate the greatest common divisor of 35240 and 3520.
40
What is the highest common divisor of 470 and 25510?
10
What is the greatest common divisor of 1877204 and 84?
28
What is the highest common factor of 9702 and 1415106?
1386
Calculate the highest common divisor of 806 and 136630.
26
Calculate the greatest common factor of 1107478 and 1570.
314
Calculate the highest common divisor of 121662 and 12.
6
Calculate the greatest common factor of 3586 and 6028.
22
Calculate the highest common factor of 245 and 232505.
245
What is the greatest common factor of 5 and 69145?
5
What is the greatest common factor of 1469 and 14351?
113
Calculate the highest common factor of 18210 and 120.
30
Calculate the highest common divisor of 40 and 69395.
5
Calculate the highest common divisor of 1877420 and 20.
20
What is the highest common factor of 48 and 7044?
12
Calculate the highest common factor of 48 and 327504.
48
Calculate the highest common divisor of 66370 and 230.
10
What is the highest common divisor of 7310 and 340?
170
Calculate the highest common factor of 158 and 1159957.
79
What is the highest common factor of 27650 and 910?
70
Calculate the greatest common factor of 104270 and 20.
10
Calculate the highest common divisor of 337612 and 44.
44
What is the greatest common factor of 588 and 2406?
6
What is the greatest common factor of 955400 and 1275?
425
What is the greatest common factor of 8784 and 1872?
144
Calculate the greatest common divisor of 105 and 295155.
105
Calculate the highest common factor of 144 and 136566.
18
What is the greatest common divisor of 12978 and 72?
18
What is the greatest common factor of 3210 and 3802566?
642
Calculate the greatest common divisor of 5 and 52065.
5
Calculate the highest common divisor of 59 and 2.
1
What is the greatest common factor of 62196 and 71?
71
What is the highest common divisor of 962 and 11882?
26
What is the highest common factor of 47154 and 18970?
542
What is the highest common factor of 15 and 441685?
5
Calculate the greatest common divisor of 14014 and 33.
11
Calculate the greatest common divisor of 59969 and 182.
91
Calculate the highest common divisor of 858216 and 24.
24
Calculate the greatest common factor of 4452 and 448.
28
What is the highest common divisor of 713195 and 2870?
1435
What is the greatest common divisor of 366045 and 105?
15
What is the highest common factor of 1904 and 1802?
34
Calculate the highest common factor of 360648 and 18.
18
What is the highest common divisor of 13206 and 544854?
426
Calculate the greatest common factor of 2087694 and 21.
21
What is the greatest common divisor of 135 and 84210?
15
Calculate the greatest common factor of 690048 and 8386.
1198
What is the highest common divisor of 109272 and 16014?
942
What is the highest common divisor of 56136 and 2400?
24
What is the greatest common divisor of 10026 and 2?
2
Calculate the greatest common factor of 236 and 50681.
59
Calculate the greatest common factor of 130 and 91455.
65
What is the greatest common factor of 38502 and 2162?
46
What is the greatest common factor of 184340 and 520?
260
Calculate the highest common factor of 2435 and 10.
5
What is the greatest common divisor of 4808 and 8?
8
Calculate the highest common factor of 391 and 8832.
23
What is the highest common factor of 21223 and 1?
1
Calculate the greatest common divisor of 446544 and 132.
12
What is the greatest common divisor of 319 and 97?
1
Calculate the greatest common factor of 199215 and 932.
233
What is the highest common divisor of 11 and 1193489?
11
What is the greatest common divisor of 166315 and 38657?
899
Calculate the greatest common divisor of 20 and 829165.
5
What is the greatest common divisor of 157485 and 15?
15
Calculate the highest common divisor of 121987 and 1592.
199
Calculate the greatest common divisor of 798 and 101916.
114
Calculate the greatest common factor of 177 and 5496.
3
Calculate the greatest common divisor of 316690 and 2.
2
What is the greatest common factor of 242816 and 51219?
1897
Calculate the greatest common factor of 240 and 70.
10
What is the highest common factor of 107 and 56496?
107
Calculate the greatest common divisor of 310 and 1970.
10
Calculate the highest common factor of 1744 and 1184.
16
What is the highest common divisor of 1442418 and 22392?
1866
Calculate the greatest common factor of 19415 and 44.
11
Calculate the greatest common factor of 10314 and 3654.
18
Calculate the highest common divisor of 133852 and 327.
109
Calculate the highest common divisor of 14505 and 225.
15
What is the greatest common factor of 1352 and 9633?
169
Calculate the highest common divisor of 150 and 7614.
6
Calculate the greatest common factor